{"id":3899,"date":"2024-09-20T09:11:04","date_gmt":"2024-09-20T09:11:04","guid":{"rendered":"https:\/\/www.carbuccia.corsica\/?p=3899"},"modified":"2024-09-20T13:03:10","modified_gmt":"2024-09-20T13:03:10","slug":"etat-civil","status":"publish","type":"page","link":"https:\/\/www.carbuccia.corsica\/index.php\/etat-civil\/","title":{"rendered":"Etat Civil"},"content":{"rendered":"\t\t<div data-elementor-type=\"wp-post\" data-elementor-id=\"3899\" class=\"elementor elementor-3899\">\n\t\t\t\t\t\t<section class=\"elementor-section elementor-top-section elementor-element elementor-element-537325a elementor-section-boxed elementor-section-height-default elementor-section-height-default\" data-id=\"537325a\" data-element_type=\"section\" data-e-type=\"section\">\n\t\t\t\t\t\t<div class=\"elementor-container elementor-column-gap-default\">\n\t\t\t\t\t<div class=\"elementor-column elementor-col-100 elementor-top-column elementor-element elementor-element-b0a737f\" data-id=\"b0a737f\" data-element_type=\"column\" data-e-type=\"column\">\n\t\t\t<div class=\"elementor-widget-wrap elementor-element-populated\">\n\t\t\t\t\t\t<div class=\"elementor-element elementor-element-c0c7d56 elementor-widget elementor-widget-text-editor\" data-id=\"c0c7d56\" data-element_type=\"widget\" data-e-type=\"widget\" data-widget_type=\"text-editor.default\">\n\t\t\t\t<div class=\"elementor-widget-container\">\n\t\t\t\t\t\t\t\t\t<ul>\n<li style=\"text-align: justify;\"><span style=\"color: #ffffff;\"><strong>La mairie de Carbuccia d\u00e9livre UNIQUEMENT les actes d&rsquo;\u00c9tat Civil dont les \u00e9v\u00e9nements ont eu lieu \u00e0 Carbuccia<\/strong>.<\/span><\/li>\n<\/ul>\n<p style=\"text-align: justify;\"><span style=\"color: #ffffff;\"><strong>Pour des \u00e9v\u00e9nements survenus dans une autre commune de France m\u00e9tropolitaine ou des DOM-TOM<\/strong>, veuillez adresser votre demande directement \u00e0 la mairie du lieu de l&rsquo;\u00e9v\u00e9nement ou vous connecter sur :<\/span>\u00a0<span style=\"color: #00ffff;\"><strong><a style=\"color: #00ffff;\" title=\"Lien vers le t\u00e9l\u00e9service de la DGME - ouverture d'une nouvelle fen\u00eatre ou d'un nouvel onglet\" href=\"http:\/\/www.acte-etat-civil.fr\/\" target=\"_blank\" rel=\"noopener\">www.acte-etat-civil.fr<\/a><\/strong>.\u00a0<\/span><\/p>\t\t\t\t\t\t\t\t<\/div>\n\t\t\t\t<\/div>\n\t\t\t\t\t<\/div>\n\t\t<\/div>\n\t\t\t\t\t<\/div>\n\t\t<\/section>\n\t\t\t\t<section class=\"elementor-section elementor-top-section elementor-element elementor-element-5b46918 elementor-section-boxed elementor-section-height-default elementor-section-height-default\" data-id=\"5b46918\" data-element_type=\"section\" data-e-type=\"section\">\n\t\t\t\t\t\t<div class=\"elementor-container elementor-column-gap-default\">\n\t\t\t\t\t<div class=\"elementor-column elementor-col-100 elementor-top-column elementor-element elementor-element-890b249\" data-id=\"890b249\" data-element_type=\"column\" data-e-type=\"column\">\n\t\t\t<div class=\"elementor-widget-wrap elementor-element-populated\">\n\t\t\t\t\t\t<div class=\"elementor-element elementor-element-632916c elementor-widget elementor-widget-spacer\" data-id=\"632916c\" data-element_type=\"widget\" data-e-type=\"widget\" data-widget_type=\"spacer.default\">\n\t\t\t\t<div class=\"elementor-widget-container\">\n\t\t\t\t\t\t\t<div class=\"elementor-spacer\">\n\t\t\t<div class=\"elementor-spacer-inner\"><\/div>\n\t\t<\/div>\n\t\t\t\t\t\t<\/div>\n\t\t\t\t<\/div>\n\t\t\t\t\t<\/div>\n\t\t<\/div>\n\t\t\t\t\t<\/div>\n\t\t<\/section>\n\t\t\t\t<section class=\"elementor-section elementor-top-section elementor-element elementor-element-63b6b8e elementor-section-boxed elementor-section-height-default elementor-section-height-default\" data-id=\"63b6b8e\" data-element_type=\"section\" data-e-type=\"section\">\n\t\t\t\t\t\t<div class=\"elementor-container elementor-column-gap-default\">\n\t\t\t\t\t<div class=\"elementor-column elementor-col-100 elementor-top-column elementor-element elementor-element-5283aaa\" data-id=\"5283aaa\" data-element_type=\"column\" data-e-type=\"column\">\n\t\t\t<div class=\"elementor-widget-wrap elementor-element-populated\">\n\t\t\t\t\t\t<div class=\"elementor-element elementor-element-a99ef57 elementor-widget elementor-widget-text-editor\" data-id=\"a99ef57\" data-element_type=\"widget\" data-e-type=\"widget\" data-widget_type=\"text-editor.default\">\n\t\t\t\t<div class=\"elementor-widget-container\">\n\t\t\t\t\t\t\t\t\t<div class=\"forminator-ui forminator-custom-form forminator-custom-form-3905 forminator-design--default  forminator_ajax\" data-forminator-render=\"0\" data-form=\"forminator-module-3905\" data-uid=\"69e05b6219158\"><br\/><\/div><form\n\t\t\t\tid=\"forminator-module-3905\"\n\t\t\t\tclass=\"forminator-ui forminator-custom-form forminator-custom-form-3905 forminator-design--default  forminator_ajax\"\n\t\t\t\tmethod=\"post\"\n\t\t\t\tdata-forminator-render=\"0\"\n\t\t\t\tdata-form-id=\"3905\"\n\t\t\t\t data-color-option=\"default\" data-design=\"default\" data-grid=\"open\" style=\"display: none;\"\n\t\t\t\tdata-uid=\"69e05b6219158\"\n\t\t\t><div role=\"alert\" aria-live=\"polite\" class=\"forminator-response-message forminator-error\" aria-hidden=\"true\"><\/div><div class=\"forminator-row\"><div id=\"name-2\" class=\"forminator-field-name forminator-col forminator-col-6 \"><div class=\"forminator-field\"><label for=\"forminator-field-name-2_69e05b6219158\" id=\"forminator-field-name-2_69e05b6219158-label\" class=\"forminator-label\">Nom <span class=\"forminator-required\">*<\/span><\/label><input type=\"text\" name=\"name-2\" value=\"\" placeholder=\"Par exemple\u00a0: Jacques Martin\" id=\"forminator-field-name-2_69e05b6219158\" class=\"forminator-input forminator-name--field\" aria-required=\"true\" autocomplete=\"name\" \/><\/div><\/div><div id=\"name-1\" class=\"forminator-field-name forminator-col forminator-col-6 \"><div class=\"forminator-field\"><label for=\"forminator-field-name-1_69e05b6219158\" id=\"forminator-field-name-1_69e05b6219158-label\" class=\"forminator-label\">Pr\u00e9nom <span class=\"forminator-required\">*<\/span><\/label><input type=\"text\" name=\"name-1\" value=\"\" placeholder=\"Par exemple\u00a0: Jean\" id=\"forminator-field-name-1_69e05b6219158\" class=\"forminator-input forminator-name--field\" aria-required=\"true\" autocomplete=\"name\" \/><\/div><\/div><\/div><div class=\"forminator-row\"><div id=\"email-1\" class=\"forminator-field-email forminator-col forminator-col-6 \"><div class=\"forminator-field\"><label for=\"forminator-field-email-1_69e05b6219158\" id=\"forminator-field-email-1_69e05b6219158-label\" class=\"forminator-label\">Adresse de messagerie <span class=\"forminator-required\">*<\/span><\/label><input type=\"email\" name=\"email-1\" value=\"\" placeholder=\"Par exemple\u00a0: jacques@martin.com\" id=\"forminator-field-email-1_69e05b6219158\" class=\"forminator-input forminator-email--field\" data-required=\"true\" aria-required=\"true\" autocomplete=\"email\" \/><\/div><\/div><div id=\"phone-1\" class=\"forminator-field-phone forminator-col forminator-col-6 \"><div class=\"forminator-field\"><label for=\"forminator-field-phone-1_69e05b6219158\" id=\"forminator-field-phone-1_69e05b6219158-label\" class=\"forminator-label\">Num\u00e9ro de t\u00e9l\u00e9phone<\/label><input type=\"text\" name=\"phone-1\" value=\"\" placeholder=\"Par exemple\u00a0: +1 02 03 04 05\" id=\"forminator-field-phone-1_69e05b6219158\" class=\"forminator-input forminator-field--phone\" data-required=\"\" aria-required=\"false\" autocomplete=\"off\" \/><\/div><\/div><\/div><div class=\"forminator-row\"><div id=\"select-1\" class=\"forminator-field-select forminator-col forminator-col-6 \"><div class=\"forminator-field\"><label for=\"forminator-form-3905__field--select-1_69e05b6219158\" id=\"forminator-form-3905__field--select-1_69e05b6219158-label\" class=\"forminator-label\">Vous \u00eates<\/label><select  id=\"forminator-form-3905__field--select-1_69e05b6219158\" class=\"forminator-select--field forminator-select2 forminator-select2-multiple\" data-required=\"\" name=\"select-1\" data-default-value=\"\" data-hidden-behavior=\"zero\" data-placeholder=\"\" data-search=\"false\" data-search-placeholder=\"\" data-checkbox=\"false\" data-allow-clear=\"false\" aria-labelledby=\"forminator-form-3905__field--select-1_69e05b6219158-label\"><option value=\"one\"  data-calculation=\"0\">Le ou la titulaire de l&rsquo;acte<\/option><option value=\"two\"  data-calculation=\"0\">Un des ascendants (parents, grand-parents, etc..)<\/option><option value=\"Un-descendant\"  data-calculation=\"0\">Un descendant<\/option><option value=\"Son-repr\u00e9sentant-l\u00e9gal\"  data-calculation=\"0\">Son repr\u00e9sentant l\u00e9gal<\/option><option value=\"Notaire,-avocat,-huissier\"  data-calculation=\"0\">Notaire, avocat, huissier<\/option><option value=\"Autre\"  data-calculation=\"0\">Autre<\/option><\/select><\/div><\/div><div id=\"select-2\" class=\"forminator-field-select forminator-col forminator-col-6 \"><div class=\"forminator-field\"><label for=\"forminator-form-3905__field--select-2_69e05b6219158\" id=\"forminator-form-3905__field--select-2_69e05b6219158-label\" class=\"forminator-label\">Objet<\/label><select  id=\"forminator-form-3905__field--select-2_69e05b6219158\" class=\"forminator-select--field forminator-select2 forminator-select2-multiple\" data-required=\"\" name=\"select-2\" data-default-value=\"\" data-hidden-behavior=\"zero\" data-placeholder=\"\" data-search=\"false\" data-search-placeholder=\"\" data-checkbox=\"false\" data-allow-clear=\"false\" aria-labelledby=\"forminator-form-3905__field--select-2_69e05b6219158-label\"><option value=\"one\"  data-calculation=\"0\">Acte de naissance<\/option><option value=\"two\"  data-calculation=\"0\">Acte de d\u00e9c\u00e8s<\/option><option value=\"Un-descendant\"  data-calculation=\"0\">Acte de mariage<\/option><option value=\"Son-repr\u00e9sentant-l\u00e9gal\"  data-calculation=\"0\">Changement de nom<\/option><\/select><\/div><\/div><\/div><div class=\"forminator-row\"><div id=\"textarea-1\" class=\"forminator-field-textarea forminator-col forminator-col-12 \"><div class=\"forminator-field\"><label for=\"forminator-field-textarea-1_69e05b6219158\" id=\"forminator-field-textarea-1_69e05b6219158-label\" class=\"forminator-label\">Message <span class=\"forminator-required\">*<\/span><\/label><textarea name=\"textarea-1\" placeholder=\"Saisissez votre message\u2026\" id=\"forminator-field-textarea-1_69e05b6219158\" class=\"forminator-textarea\" rows=\"6\" style=\"min-height:140px;\" maxlength=\"180\" ><\/textarea><span id=\"forminator-field-textarea-1_69e05b6219158-description\" class=\"forminator-description\"><span data-limit=\"180\" data-type=\"characters\" data-editor=\"\">0 \/ 180<\/span><\/span><\/div><\/div><\/div><input type=\"hidden\" name=\"referer_url\" value=\"\" \/><div class=\"forminator-row forminator-row-last\"><div class=\"forminator-col\"><div class=\"forminator-field\"><button class=\"forminator-button forminator-button-submit\">Envoyer le message<\/button><\/div><\/div><\/div><input type=\"hidden\" id=\"forminator_nonce\" name=\"forminator_nonce\" value=\"a76bade1b6\" \/><input type=\"hidden\" name=\"_wp_http_referer\" value=\"\/index.php\/wp-json\/wp\/v2\/pages\/3899\" \/><input type=\"hidden\" name=\"form_id\" value=\"3905\"><input type=\"hidden\" name=\"page_id\" value=\"3899\"><input type=\"hidden\" name=\"form_type\" value=\"default\"><input type=\"hidden\" name=\"current_url\" value=\"https:\/\/www.carbuccia.corsica\/index.php\/etat-civil\/\"><input type=\"hidden\" name=\"render_id\" value=\"0\"><input type=\"hidden\" name=\"action\" value=\"forminator_submit_form_custom-forms\"><\/form>\t\t\t\t\t\t\t\t<\/div>\n\t\t\t\t<\/div>\n\t\t\t\t\t<\/div>\n\t\t<\/div>\n\t\t\t\t\t<\/div>\n\t\t<\/section>\n\t\t\t\t<\/div>\n\t\t","protected":false},"excerpt":{"rendered":"<p>La mairie de Carbuccia d\u00e9livre UNIQUEMENT les actes d&rsquo;\u00c9tat Civil dont les \u00e9v\u00e9nements ont eu lieu \u00e0 Carbuccia. Pour des \u00e9v\u00e9nements survenus dans une autre commune de France m\u00e9tropolitaine ou des DOM-TOM, veuillez adresser votre demande directement \u00e0 la mairie du lieu de l&rsquo;\u00e9v\u00e9nement ou vous connecter sur :\u00a0www.acte-etat-civil.fr.\u00a0<\/p>\n","protected":false},"author":1,"featured_media":0,"parent":0,"menu_order":0,"comment_status":"closed","ping_status":"closed","template":"","meta":{"footnotes":""},"class_list":["post-3899","page","type-page","status-publish","hentry"],"_links":{"self":[{"href":"https:\/\/www.carbuccia.corsica\/index.php\/wp-json\/wp\/v2\/pages\/3899","targetHints":{"allow":["GET"]}}],"collection":[{"href":"https:\/\/www.carbuccia.corsica\/index.php\/wp-json\/wp\/v2\/pages"}],"about":[{"href":"https:\/\/www.carbuccia.corsica\/index.php\/wp-json\/wp\/v2\/types\/page"}],"author":[{"embeddable":true,"href":"https:\/\/www.carbuccia.corsica\/index.php\/wp-json\/wp\/v2\/users\/1"}],"replies":[{"embeddable":true,"href":"https:\/\/www.carbuccia.corsica\/index.php\/wp-json\/wp\/v2\/comments?post=3899"}],"version-history":[{"count":7,"href":"https:\/\/www.carbuccia.corsica\/index.php\/wp-json\/wp\/v2\/pages\/3899\/revisions"}],"predecessor-version":[{"id":3908,"href":"https:\/\/www.carbuccia.corsica\/index.php\/wp-json\/wp\/v2\/pages\/3899\/revisions\/3908"}],"wp:attachment":[{"href":"https:\/\/www.carbuccia.corsica\/index.php\/wp-json\/wp\/v2\/media?parent=3899"}],"curies":[{"name":"wp","href":"https:\/\/api.w.org\/{rel}","templated":true}]}}